 - 5*y - 19 = i, -33 = -4*i + 5*y. Suppose 6*o = i*o - 28. Let w(r) = r**3 + 6*r**2 - 9*r - 6. List the prime factors of w(o).
2
Suppose 7*p - 2*p = 2330. Let j be p/22 + 6/(-33). List the prime factors of ((-3)/(-2))/(j/56).
2
Suppose 4*d + 5 = r, 4*r + d = -0*d + 3. Let b be r/(1/(-6)*-3). Suppose -j = -b*j + 22. List the prime factors of j.
2, 11
Suppose c + 248 = 9*c. What are the prime factors of c?
31
Let b = 16 + -14. What are the prime factors of 29 + b - (-4 + 5)?
2, 3, 5
Let p(o) = o**2 - 9*o + 21. What are the prime factors of p(10)?
31
Suppose 274 = c + 3*c - d, c - 63 = 3*d. What are the prime factors of c?
3, 23
Let q(l) = 3*l - 6. Let y(a) = -2*a + 6. Let t(u) = -5*q(u) - 6*y(u). What are the prime factors of t(-7)?
3, 5
Let r(t) = -177*t + 1. Let u be r(1). What are the prime factors of u/(-10) - 2/(-5)?
2, 3
Suppose -4*t - 26 = 14. Suppose -7 = -5*n - 102. Let d = t - n. What are the prime factors of d?
3
Suppose 2*p + 22 + 30 = 2*o, -5*p = 3*o - 62. Let u be (-17)/(-4) + (-6)/o. List the prime factors of (-183)/(-21) - u/(-14).
3
Let j = 38 + -19. What are the prime factors of j?
19
Let w(j) = j**2 - j + 1. Let o be w(-6). Let m = -77 + o. What are the prime factors of m/(-3) - (-4)/6?
2, 3
Let d be (-1)/(2/4)*-2. Let m = 6 - d. Suppose -m + 30 = 4*r. List the prime factors of r.
7
Let l(c) = 9*c**3 + 3*c**2 - 4*c + 2. What are the prime factors of l(3)?
2, 5, 13
Let v = -13 - -25. List the prime factors of -5 + v + 0 + 3.
2, 5
Suppose -4*f + 3*j = -2*f - 5, 3*f = 2*j. Let s(l) = 5*l**2 - l + 2. What are the prime factors of s(f)?
2, 3
Let h be (6 - 1) + -2 + -1. Suppose 2 = -2*r - h. What are the prime factors of (-92)/(-8) + 1/r?
11
Let m = 2 + -9. Let u = m - -17. What are the prime factors of u?
2, 5
Suppose 5*g - 140 = 10. List the prime factors of g.
2, 3, 5
Let y(p) = -10 + 3*p**2 - 16 + 9 - 16*p - 2*p**2. List the prime factors of y(18).
19
Let j(q) = -q**3 - 9*q**2 - 11*q + 5. What are the prime factors of j(-8)?
29
Suppose -2*x + 6 = 3*g, 3*g - g + 7 = -5*x. Suppose 0 = -g*a - 8 - 8. What are the prime factors of 3/(-12) + (-65)/a?
2
Suppose g = p - 0*p - 52, -4*g - 5*p = 244. Let r = -39 - g. List the prime factors of r.
17
Let d(m) = -m**3 + 2*m**2 + m - 5. Let g be d(4). Let j = -14 - g. List the prime factors of j.
19
Suppose -73*o = -69*o - 456. What are the prime factors of o?
2, 3, 19
Suppose -5*r - 73 = -3*c, -24 - 15 = 3*r - 3*c. Let u = -2 - r. List the prime factors of u.
3, 5
Suppose -4*u = n - 52 - 268, 0 = n + 3*u - 318. List the prime factors of n.
2, 3, 13
Let z be (-2)/(-7) - 12/(-7). Suppose z*u + 144 = 6*u. What are the prime factors of u?
2, 3
Suppose 0 = -2*w - 0*w + 3*a + 53, -5*a = 25. Suppose 2*z - z = w. What are the prime factors of z?
19
Suppose 4*d = d. Suppose 2*b - 32 = -d*b. List the prime factors of b.
2
Let v(q) = -q**3 - 10*q**2 + 29*q + 14. What are the prime factors of v(-13)?
2, 3
Suppose 3 + 15 = -3*i. Let u(y) = y**3 + 8*y**2 + 6*y + 1. Let z be u(i). Suppose 2*r + f = 6*r - z, 0 = 4*f - 12. What are the prime factors of r?
2, 5
Suppose o + 29 = 5*w, 8*w - 4 = 4*w - 4*o. Suppose w*h - 24 = h. Suppose p - h*p + 40 = 0. List the prime factors of p.
2
Suppose 3*s - 2 + 1 = -2*x, 0 = -s - 3. Let z = 29 + -18. Let b = z - x. What are the prime factors of b?
2, 3
What are the prime factors of (0 + 1)/(5 - (-1794)/(-360))?
2, 3, 5
Let l = -154 + 262. Suppose 2*x - l = -2*x. What are the prime factors of x?
3
Let s be 3*(-2 + (0 - -1)). Suppose 0 = -a - 11 + 22. Let r = a + s. List the prime factors of r.
2
Let v(n) be the second derivative of n**4/12 - n**3/3 + n**2 - n. Let x(d) = -d**2 - 9*d + 14. Let b be x(-10). List the prime factors of v(b).
2, 5
Let f = 769 + -403. What are the prime factors of f?
2, 3, 61
Suppose -20 = 5*v, -5*g = 2*v + 3*v + 90. Let x = -1 - g. Let w = 1 + x. List the prime factors of w.
2, 7
Suppose -5*s - 164 = -4*l - 29, 0 = 3*s - 15. List the prime factors of l.
2, 5
Let f(q) = -7*q + 17. What are the prime factors of f(-7)?
2, 3, 11
Let n be (-1)/2 - 18/12. Let j be ((-1)/n)/((-2)/(-8)). Suppose 2*z = -3*t + 15 + 10, -j*t = -z - 19. What are the prime factors of t?
3
Suppose -o + 12 = o. Let k be (2/o)/(2/30). Suppose -5*m + k*q - 3*q + 27 = 0, 4*m - 25 = 5*q. List the prime factors of m.
5
Suppose f - 1 = -0*f. Let a = f - 0. Suppose a + 1 = b. What are the prime factors of b?
2
List the prime factors of ((-3)/12)/((-2)/136).
17
Let t(g) = -g**2 - 9*g. Let h be t(-9). Suppose -52 = -3*w - h*c - 5*c, -4*w = c - 41. List the prime factors of w.
3
Let g(q) = -q**3 - 7*q**2 - 8*q - 3. Let f(h) = 5*h - 8 + h**2 + 1 + 1. Let w be f(-5). List the prime factors of g(w).
3
Let p(o) = o**2 - 9*o - 13. Let m(j) = -j**3 + 5*j**2 - j. Let l be m(4). What are the prime factors of p(l)?
23
Suppose -g + 2*g = 4. Suppose -14 - 10 = -g*k. What are the prime factors of k*1/2 + 0?
3
Let z(y) = 159*y - 2. List the prime factors of z(1).
157
Suppose 0 + 16 = -4*j. Let u = 4 + j. Let w = 2 + u. List the prime factors of w.
2
Let f = 1 - 2. Let z(s) = 5*s**2 + 2*s + 1. Let j be z(f). Suppose 2*c - 12 = -c, 0 = 5*h - j*c - 9. List the prime factors of h.
5
Let x(g) = g + 1. Let y be x(-6). Let k = y - -3. Let z(v) = v**2 - 1. What are the prime factors of z(k)?
3
Let g = 7 + -2. What are the prime factors of 30/9*12/g?
2
Let y = 156 - 36. What are the prime factors of y?
2, 3, 5
Let v be (-32)/(-18) - 10/(-45). List the prime factors of (-1)/v*-2*17.
17
Suppose 3*j + 17 = y - j, -3*y = -4*j - 11. List the prime factors of ((-8)/6)/2*y.
2
Suppose 2*z = -2*h + 8, 24 = -2*z + 6*z + 2*h. Let s be 0 + (z - (2 - 4)). Let x = -6 + s. What are the prime factors of x?
2
Suppose -3*c - 57 = -3*b, -b + 2*b + 4*c = 24. Let v = b + -11. What are the prime factors of v?
3
Let o be 120/18*(-6)/(-4). Suppose 8*s = 3*s + o. Suppose 2*x - 18 = s*f, 0 = -x - 4*f + 9 + 5. What are the prime factors of x?
2, 5
Let z(p) be the second derivative of -p**5/20 - 3*p**4/4 + 4*p**3/3 - 4*p**2 + p. Suppose -12 = 3*t + 18. List the prime factors of z(t).
2, 3
Suppose 0 = 5*y - 4*g - 11 - 34, -y - 3*g - 10 = 0. Let n(v) = -v**3 + 6*v**2 - 4*v + 3. List the prime factors of n(y).
2
Let k(m) = 12*m + 21. What are the prime factors of k(6)?
3, 31
Let l(g) = -7*g**3 - g**2 - g. Let u be l(-1). Let i(y) = y**2 - 8*y + 9. What are the prime factors of i(u)?
2
Let v(o) = o**3 + 2*o**2 - 3*o - 3. Let h = -8 + 6. What are the prime factors of v(h)?
3
Let z(s) = -s**3 - 6*s**2 - 9*s. Let d be (12/10)/(7/(-35)). What are the prime factors of z(d)?
2, 3
Suppose 0*k = -5*k - j + 291, -4*j - 228 = -4*k. Suppose -5*h + k = 2*w, 0*h - 199 = -5*w + h. List the prime factors of w.
3, 13
Suppose y - 4 = -0*y. Suppose 13 + 27 = y*o. What are the prime factors of o?
2, 5
Let y be (-4)/(-16) + 87/4. Suppose -5*l - o = -12 - y, -l - 5*o = -26. Suppose -4*n + 14 = 2*s - l*n, 5*n + 5 = -s. What are the prime factors of s?
5
Let k be 2/((1/10)/(-1)). Let v = k + 12. Let z = v - -19. What are the prime factors of z?
11
Let r(w) = 29*w**2 - w + 2. List the prime factors of r(2).
2, 29
Let x = 13 + 21. Let t = x - 19. List the prime factors of t.
3, 5
Let g = 17 - 29. Let u = g - -27. What are the prime factors of u?
3, 5
Let k = -7 - -1. Let b(h) = -h - 6. Let p be b(k). Suppose 0*w = -2*o + w + 9, p = -o - 2*w - 8. List the prime factors of o.
2
List the prime factors of (-20)/1*(5 - 7).
2, 5
Let a(n) = -n + 56. What are the prime factors of a(20)?
2, 3
Let v be (4/(-8))/(1/8). Let m = 9 + v. What are the prime factors of m?
5
Suppose -4*r + 9 = -7. Let w(g) = -g + 1. Let l be w(1). Suppose l*j = j - r. What are the prime factors of j?
2
Suppose -98 + 370 = 16*u. List the prime factors of u.
17
Let p = -13 - -6. Let k = 18 + p. Suppose -25 + k = -2*g. List the prime factors of g.
7
Let g(n) = 8*n + 3. Let j(m) = 4*m + 2. Let o(q) = -3*g(q) + 5*j(q). Let z be o(-1). Suppose -4*r + 0 = -2*x + 6, z*x = 5*r + 40. List the prime factors of x.
13
Let k be 2/4 + 3/(-6). Suppose -2*b = -3*m + 32, 2*m + k*m = 4*b + 32. List the prime factors of m.
2
Suppose -p - 13 = 4*z, 0 = 4*p + z - 8. Suppose -p*m + 12 = -2*m. What are the prime factors of m?
2, 3
Let k(u) = -12*u**2. Let q be k(1). List the prime factors of 3*9 + 10 + q.
5
Let n be -